{"id":640,"date":"2025-10-25T10:26:04","date_gmt":"2025-10-25T10:26:04","guid":{"rendered":"https:\/\/www.konferencevenkov.cz\/2025\/?page_id=640"},"modified":"2025-10-25T10:26:04","modified_gmt":"2025-10-25T10:26:04","slug":"vysledky-hlasovani","status":"publish","type":"page","link":"https:\/\/www.konferencevenkov.cz\/2025\/?page_id=640","title":{"rendered":"V\u00fdsledky hlasov\u00e1n\u00ed"},"content":{"rendered":"\n<p>\u00da\u010dastn\u00edci konference&nbsp;<strong>Venkov 2025<\/strong>&nbsp;m\u011bli mo\u017enost hlasovat o prioritn\u00edch t\u00e9matech a z\u00e1v\u011brech, kter\u00e9 pova\u017euj\u00ed za kl\u00ed\u010dov\u00e9 pro dal\u0161\u00ed rozvoj venkova.<br>Ka\u017ed\u00fd \u00fa\u010dastn\u00edk m\u011bl k dispozici&nbsp;<strong>t\u0159i hlasy<\/strong>, kter\u00e9 mohl libovoln\u011b rozd\u011blit mezi n\u00e1vrhy, s nimi\u017e nejv\u00edce souhlasil nebo kter\u00e9 pova\u017eoval za nejd\u016fle\u017eit\u011bj\u0161\u00ed.<\/p>\n\n\n\n<p>Z tohoto d\u016fvodu&nbsp;<strong>sou\u010det procentu\u00e1ln\u00edch hodnot nep\u0159edstavuje 100 %<\/strong>&nbsp;\u2013 procenta vyjad\u0159uj\u00ed&nbsp;<strong>pod\u00edl \u00fa\u010dastn\u00edk\u016f, kte\u0159\u00ed dan\u00fd n\u00e1vrh za\u0159adili mezi sv\u00e9 t\u0159i hlavn\u00ed priority<\/strong>, nikoli rozd\u011blen\u00ed jednoho hlasu mezi v\u0161echny mo\u017enosti.<br>Jin\u00fdmi slovy: pokud n\u011bkdo hlasoval pro t\u0159i r\u016fzn\u00e9 n\u00e1vrhy, zapo\u010d\u00edtal se u ka\u017ed\u00e9ho z nich, tak\u017ee celkov\u00e9 sou\u010dty logicky p\u0159esahuj\u00ed 100 %.<\/p>\n\n\n\n<h3 class=\"wp-block-heading\">V\u00fdsledky hlasov\u00e1n\u00ed<\/h3>\n\n\n\n<figure class=\"wp-block-table\"><table class=\"has-fixed-layout\"><thead><tr><th>Z\u00e1v\u011br<\/th><th>Pod\u00edl hlas\u016f<\/th><\/tr><\/thead><tbody><tr><td><strong>Podporovat m\u00edstn\u00ed zpracov\u00e1n\u00ed zem\u011bd\u011blsk\u00e9 produkce, kl\u00e1st d\u016fraz na spolupr\u00e1ci farem, obc\u00ed a \u0161kol<\/strong><\/td><td>43 %<\/td><\/tr><tr><td><strong>Zjednodu\u0161it dota\u010dn\u00ed a povolovac\u00ed procesy, pos\u00edlit roli MAS jako pr\u016fvodce administrativou<\/strong><\/td><td>36 %<\/td><\/tr><tr><td><strong>Podpora pozemkov\u00fdch \u00faprav jako n\u00e1stroje ke zlep\u0161en\u00ed stavu krajiny<\/strong><\/td><td>34 %<\/td><\/tr><tr><td><strong>Podpora mlad\u00fdch \u2013 sd\u00edlen\u00ed zku\u0161enost\u00ed, zapojen\u00ed do komunit a pracovn\u00edho \u017eivota<\/strong><\/td><td>30 %<\/td><\/tr><tr><td><strong>Zachov\u00e1n\u00ed men\u0161\u00edch \u0161kol a podpora vzd\u011bl\u00e1v\u00e1n\u00ed v \u0159emeslech a praktick\u00fdch dovednostech<\/strong><\/td><td>28 %<\/td><\/tr><tr><td><strong>Rozv\u00edjet praktick\u00e9 a celo\u017eivotn\u00ed vzd\u011bl\u00e1v\u00e1n\u00ed, podporovat nov\u00e9 formy u\u010den\u00ed v obc\u00edch a \u0161kol\u00e1ch<\/strong><\/td><td>25 %<\/td><\/tr><tr><td><strong>Podpora propojov\u00e1n\u00ed a komunikace v r\u00e1mci do\u017e\u00ednkov\u00fdch a komunitn\u00edch setk\u00e1n\u00ed<\/strong><\/td><td>21 %<\/td><\/tr><tr><td><strong>Z\u00e1kazem v\u00fdm\u011bn monitoring\u016f a manipulace na vodn\u00edch toc\u00edch p\u0159edch\u00e1zet \u0161kod\u00e1m (povodn\u011b, sucho)<\/strong><\/td><td>16 %<\/td><\/tr><tr><td><strong>Pos\u00edlen\u00ed role zem\u011bd\u011blc\u016f ve ve\u0159ejn\u00e9m prostoru a komunikaci s ve\u0159ejnost\u00ed<\/strong><\/td><td>14 %<\/td><\/tr><tr><td><strong>Podpora digitalizace venkova a modern\u00edch technologi\u00ed v ka\u017edodenn\u00edm \u017eivot\u011b<\/strong><\/td><td>14 %<\/td><\/tr><tr><td><strong>Platba sn\u00ed\u017een\u00ed administrativn\u00ed z\u00e1t\u011b\u017ee pro zem\u011bd\u011blce v r\u00e1mci soci\u00e1ln\u00edho zem\u011bd\u011blstv\u00ed<\/strong><\/td><td>14 %<\/td><\/tr><tr><td><strong>Spolek ukazuje, \u017ee neform\u00e1ln\u00ed vzd\u011bl\u00e1v\u00e1n\u00ed a ob\u010dansk\u00e1 aktivita posiluj\u00ed soudr\u017enost obc\u00ed<\/strong><\/td><td>9 %<\/td><\/tr><\/tbody><\/table><\/figure>\n\n\n\n<h3 class=\"wp-block-heading\">Shrnut\u00ed<\/h3>\n\n\n\n<p>Z v\u00fdsledk\u016f vypl\u00fdv\u00e1, \u017ee&nbsp;<strong>nejv\u011bt\u0161\u00ed podporu z\u00edskaly praktick\u00e9 a spolupracuj\u00edc\u00ed p\u0159\u00edstupy<\/strong>&nbsp;\u2013 zejm\u00e9na&nbsp;<strong>pos\u00edlen\u00ed m\u00edstn\u00edho zpracov\u00e1n\u00ed produkce, zjednodu\u0161en\u00ed administrativy a podpora mlad\u00fdch lid\u00ed<\/strong>&nbsp;na venkov\u011b.<br>\u00da\u010dastn\u00edci z\u00e1rove\u0148 zd\u016fraznili v\u00fdznam&nbsp;<strong>vzd\u011bl\u00e1v\u00e1n\u00ed, komunitn\u00edho \u017eivota a udr\u017eiteln\u00e9ho hospoda\u0159en\u00ed s krajinou<\/strong>.<\/p>\n\n\n\n<figure class=\"wp-block-image size-large\"><img loading=\"lazy\" decoding=\"async\" width=\"1024\" height=\"592\" src=\"https:\/\/www.konferencevenkov.cz\/2025\/wp-content\/uploads\/2025\/10\/Screenshot-2025-10-25-at-12.01.25-1024x592.png\" alt=\"\" class=\"wp-image-641\" srcset=\"https:\/\/www.konferencevenkov.cz\/2025\/wp-content\/uploads\/2025\/10\/Screenshot-2025-10-25-at-12.01.25-1024x592.png 1024w, https:\/\/www.konferencevenkov.cz\/2025\/wp-content\/uploads\/2025\/10\/Screenshot-2025-10-25-at-12.01.25-300x173.png 300w, https:\/\/www.konferencevenkov.cz\/2025\/wp-content\/uploads\/2025\/10\/Screenshot-2025-10-25-at-12.01.25-768x444.png 768w, https:\/\/www.konferencevenkov.cz\/2025\/wp-content\/uploads\/2025\/10\/Screenshot-2025-10-25-at-12.01.25-1536x888.png 1536w, https:\/\/www.konferencevenkov.cz\/2025\/wp-content\/uploads\/2025\/10\/Screenshot-2025-10-25-at-12.01.25-2048x1184.png 2048w\" sizes=\"auto, (max-width: 1024px) 100vw, 1024px\" \/><\/figure>\n","protected":false},"excerpt":{"rendered":"<p>\u00da\u010dastn\u00edci konference&nbsp;Venkov 2025&nbsp;m\u011bli mo\u017enost hlasovat o prioritn\u00edch t\u00e9matech a z\u00e1v\u011brech, kter\u00e9 pova\u017euj\u00ed za kl\u00ed\u010dov\u00e9 pro dal\u0161\u00ed rozvoj venkova.Ka\u017ed\u00fd \u00fa\u010dastn\u00edk m\u011bl k dispozici&nbsp;t\u0159i hlasy, kter\u00e9 mohl libovoln\u011b rozd\u011blit mezi n\u00e1vrhy, s nimi\u017e nejv\u00edce souhlasil nebo kter\u00e9 pova\u017eoval za nejd\u016fle\u017eit\u011bj\u0161\u00ed. Z tohoto d\u016fvodu&nbsp;sou\u010det procentu\u00e1ln\u00edch hodnot nep\u0159edstavuje 100 %&nbsp;\u2013 procenta vyjad\u0159uj\u00ed&nbsp;pod\u00edl \u00fa\u010dastn\u00edk\u016f, kte\u0159\u00ed dan\u00fd n\u00e1vrh za\u0159adili mezi sv\u00e9&hellip;&nbsp;<a href=\"https:\/\/www.konferencevenkov.cz\/2025\/?page_id=640\" rel=\"bookmark\"><span class=\"screen-reader-text\">V\u00fdsledky hlasov\u00e1n\u00ed<\/span><\/a><\/p>\n","protected":false},"author":1,"featured_media":0,"parent":0,"menu_order":0,"comment_status":"closed","ping_status":"closed","template":"","meta":{"neve_meta_sidebar":"","neve_meta_container":"","neve_meta_enable_content_width":"","neve_meta_content_width":0,"neve_meta_title_alignment":"","neve_meta_author_avatar":"","neve_post_elements_order":"","neve_meta_disable_header":"","neve_meta_disable_footer":"","neve_meta_disable_title":"","_themeisle_gutenberg_block_has_review":false,"footnotes":""},"class_list":["post-640","page","type-page","status-publish","hentry"],"_links":{"self":[{"href":"https:\/\/www.konferencevenkov.cz\/2025\/index.php?rest_route=\/wp\/v2\/pages\/640","targetHints":{"allow":["GET"]}}],"collection":[{"href":"https:\/\/www.konferencevenkov.cz\/2025\/index.php?rest_route=\/wp\/v2\/pages"}],"about":[{"href":"https:\/\/www.konferencevenkov.cz\/2025\/index.php?rest_route=\/wp\/v2\/types\/page"}],"author":[{"embeddable":true,"href":"https:\/\/www.konferencevenkov.cz\/2025\/index.php?rest_route=\/wp\/v2\/users\/1"}],"replies":[{"embeddable":true,"href":"https:\/\/www.konferencevenkov.cz\/2025\/index.php?rest_route=%2Fwp%2Fv2%2Fcomments&post=640"}],"version-history":[{"count":1,"href":"https:\/\/www.konferencevenkov.cz\/2025\/index.php?rest_route=\/wp\/v2\/pages\/640\/revisions"}],"predecessor-version":[{"id":642,"href":"https:\/\/www.konferencevenkov.cz\/2025\/index.php?rest_route=\/wp\/v2\/pages\/640\/revisions\/642"}],"wp:attachment":[{"href":"https:\/\/www.konferencevenkov.cz\/2025\/index.php?rest_route=%2Fwp%2Fv2%2Fmedia&parent=640"}],"curies":[{"name":"wp","href":"https:\/\/api.w.org\/{rel}","templated":true}]}}

Výsledky hlasování

<p>Účastníci konference&nbsp;<strong>Venkov 2025</strong>&nbsp;měli možnost hlasovat o prioritních tématech a závěrech, které považují za klíčové pro další rozvoj venkova.<br>Každý účastník měl k dispozici&nbsp;<strong>tři hlasy</strong>, které mohl libovolně rozdělit mezi návrhy, s nimiž nejvíce souhlasil nebo které považoval za nejdůležitější.</p>



<p>Z tohoto důvodu&nbsp;<strong>součet procentuálních hodnot nepředstavuje 100 %</strong>&nbsp;– procenta vyjadřují&nbsp;<strong>podíl účastníků, kteří daný návrh zařadili mezi své tři hlavní priority</strong>, nikoli rozdělení jednoho hlasu mezi všechny možnosti.<br>Jinými slovy: pokud někdo hlasoval pro tři různé návrhy, započítal se u každého z nich, takže celkové součty logicky přesahují 100 %.</p>



<h3 class="wp-block-heading">Výsledky hlasování</h3>



<figure class="wp-block-table"><table class="has-fixed-layout"><thead><tr><th>Závěr</th><th>Podíl hlasů</th></tr></thead><tbody><tr><td><strong>Podporovat místní zpracování zemědělské produkce, klást důraz na spolupráci farem, obcí a škol</strong></td><td>43 %</td></tr><tr><td><strong>Zjednodušit dotační a povolovací procesy, posílit roli MAS jako průvodce administrativou</strong></td><td>36 %</td></tr><tr><td><strong>Podpora pozemkových úprav jako nástroje ke zlepšení stavu krajiny</strong></td><td>34 %</td></tr><tr><td><strong>Podpora mladých – sdílení zkušeností, zapojení do komunit a pracovního života</strong></td><td>30 %</td></tr><tr><td><strong>Zachování menších škol a podpora vzdělávání v řemeslech a praktických dovednostech</strong></td><td>28 %</td></tr><tr><td><strong>Rozvíjet praktické a celoživotní vzdělávání, podporovat nové formy učení v obcích a školách</strong></td><td>25 %</td></tr><tr><td><strong>Podpora propojování a komunikace v rámci dožínkových a komunitních setkání</strong></td><td>21 %</td></tr><tr><td><strong>Zákazem výměn monitoringů a manipulace na vodních tocích předcházet škodám (povodně, sucho)</strong></td><td>16 %</td></tr><tr><td><strong>Posílení role zemědělců ve veřejném prostoru a komunikaci s veřejností</strong></td><td>14 %</td></tr><tr><td><strong>Podpora digitalizace venkova a moderních technologií v každodenním životě</strong></td><td>14 %</td></tr><tr><td><strong>Platba snížení administrativní zátěže pro zemědělce v rámci sociálního zemědělství</strong></td><td>14 %</td></tr><tr><td><strong>Spolek ukazuje, že neformální vzdělávání a občanská aktivita posilují soudržnost obcí</strong></td><td>9 %</td></tr></tbody></table></figure>



<h3 class="wp-block-heading">Shrnutí</h3>



<p>Z výsledků vyplývá, že&nbsp;<strong>největší podporu získaly praktické a spolupracující přístupy</strong>&nbsp;– zejména&nbsp;<strong>posílení místního zpracování produkce, zjednodušení administrativy a podpora mladých lidí</strong>&nbsp;na venkově.<br>Účastníci zároveň zdůraznili význam&nbsp;<strong>vzdělávání, komunitního života a udržitelného hospodaření s krajinou</strong>.</p>



<figure class="wp-block-image size-large"><img loading="lazy" decoding="async" width="1024" height="592" src="https://www.konferencevenkov.cz/2025/wp-content/uploads/2025/10/Screenshot-2025-10-25-at-12.01.25-1024x592.png" alt="" class="wp-image-641" srcset="https://www.konferencevenkov.cz/2025/wp-content/uploads/2025/10/Screenshot-2025-10-25-at-12.01.25-1024x592.png 1024w, https://www.konferencevenkov.cz/2025/wp-content/uploads/2025/10/Screenshot-2025-10-25-at-12.01.25-300x173.png 300w, https://www.konferencevenkov.cz/2025/wp-content/uploads/2025/10/Screenshot-2025-10-25-at-12.01.25-768x444.png 768w, https://www.konferencevenkov.cz/2025/wp-content/uploads/2025/10/Screenshot-2025-10-25-at-12.01.25-1536x888.png 1536w, https://www.konferencevenkov.cz/2025/wp-content/uploads/2025/10/Screenshot-2025-10-25-at-12.01.25-2048x1184.png 2048w" sizes="auto, (max-width: 1024px) 100vw, 1024px" /></figure>

<p>Účastníci konference&nbsp;Venkov 2025&nbsp;měli možnost hlasovat o prioritních tématech a závěrech, které považují za klíčové pro další rozvoj venkova.Každý účastník měl k dispozici&nbsp;tři hlasy, které mohl libovolně rozdělit mezi návrhy, s nimiž nejvíce souhlasil nebo které považoval za nejdůležitější. Z tohoto důvodu&nbsp;součet procentuálních hodnot nepředstavuje 100 %&nbsp;– procenta vyjadřují&nbsp;podíl účastníků, kteří daný návrh zařadili mezi své&hellip;&nbsp;<a href="https://www.konferencevenkov.cz/2025/?page_id=640" rel="bookmark"><span class="screen-reader-text">Výsledky hlasování</span></a></p>
