{"id":646,"date":"2025-10-25T17:16:27","date_gmt":"2025-10-25T17:16:27","guid":{"rendered":"https:\/\/www.konferencevenkov.cz\/2025\/?page_id=646"},"modified":"2025-11-01T21:58:45","modified_gmt":"2025-11-01T21:58:45","slug":"prezentace","status":"publish","type":"page","link":"https:\/\/www.konferencevenkov.cz\/2025\/?page_id=646","title":{"rendered":"Prezentace"},"content":{"rendered":"\n<div id=\"wp-block-themeisle-blocks-advanced-columns-3cf6fd13\" class=\"wp-block-themeisle-blocks-advanced-columns has-2-columns has-desktop-oneTwo-layout has-tablet-equal-layout has-mobile-collapsedRows-layout has-vertical-unset\"><div class=\"wp-block-themeisle-blocks-advanced-columns-overlay\"><\/div><div class=\"innerblocks-wrap\">\n<div id=\"wp-block-themeisle-blocks-advanced-column-27413074\" class=\"wp-block-themeisle-blocks-advanced-column\">\n<h2 class=\"wp-block-heading\">21. 10.<\/h2>\n<\/div>\n\n\n\n<div id=\"wp-block-themeisle-blocks-advanced-column-fd2136ba\" class=\"wp-block-themeisle-blocks-advanced-column\">\n<div class=\"wp-block-file\"><a id=\"wp-block-file--media-29c33d5e-035b-466d-8e84-e428c82f05b4\" href=\"https:\/\/www.konferencevenkov.cz\/2025\/wp-content\/uploads\/2025\/10\/Aktuality-z-MMR-CR.pdf\">Aktuality z MMR \u010cR<\/a><a href=\"https:\/\/www.konferencevenkov.cz\/2025\/wp-content\/uploads\/2025\/10\/Aktuality-z-MMR-CR.pdf\" class=\"wp-block-file__button wp-element-button\" download aria-describedby=\"wp-block-file--media-29c33d5e-035b-466d-8e84-e428c82f05b4\">St\u00e1hnout<\/a><\/div>\n\n\n\n<div class=\"wp-block-file\"><a id=\"wp-block-file--media-b691ccd1-ae47-4494-a703-58ba920f351c\" href=\"https:\/\/www.konferencevenkov.cz\/2025\/wp-content\/uploads\/2025\/10\/Cestovni-ruch-v-jiznich-Cechach.pdf\">Cestovn\u00ed ruch v ji\u017en\u00edch \u010cech\u00e1ch<\/a><a href=\"https:\/\/www.konferencevenkov.cz\/2025\/wp-content\/uploads\/2025\/10\/Cestovni-ruch-v-jiznich-Cechach.pdf\" class=\"wp-block-file__button wp-element-button\" download aria-describedby=\"wp-block-file--media-b691ccd1-ae47-4494-a703-58ba920f351c\">St\u00e1hnout<\/a><\/div>\n<\/div>\n<\/div><\/div>\n\n\n\n<hr class=\"wp-block-separator has-alpha-channel-opacity\"\/>\n\n\n\n<div id=\"wp-block-themeisle-blocks-advanced-columns-274d6765\" class=\"wp-block-themeisle-blocks-advanced-columns has-2-columns has-desktop-twoOne-layout has-tablet-equal-layout has-mobile-collapsedRows-layout has-vertical-unset\"><div class=\"wp-block-themeisle-blocks-advanced-columns-overlay\"><\/div><div class=\"innerblocks-wrap\">\n<div id=\"wp-block-themeisle-blocks-advanced-column-3f62210f\" class=\"wp-block-themeisle-blocks-advanced-column\">\n<div class=\"wp-block-file\"><a id=\"wp-block-file--media-37b8c87f-28d8-436e-95fc-6f0c85037341\" href=\"https:\/\/www.konferencevenkov.cz\/2025\/wp-content\/uploads\/2025\/11\/prezentace_konference-Venkov2025.pdf\">Strategick\u00fd pl\u00e1n SZP 2023\u20132027<\/a><a href=\"https:\/\/www.konferencevenkov.cz\/2025\/wp-content\/uploads\/2025\/11\/prezentace_konference-Venkov2025.pdf\" class=\"wp-block-file__button wp-element-button\" download aria-describedby=\"wp-block-file--media-37b8c87f-28d8-436e-95fc-6f0c85037341\">St\u00e1hnout<\/a><\/div>\n\n\n\n<div class=\"wp-block-file\"><a id=\"wp-block-file--media-53d00523-bfca-43ef-84c8-b0e2b1732ce2\" href=\"https:\/\/www.konferencevenkov.cz\/2025\/wp-content\/uploads\/2025\/10\/Socialni-zemedelstvi-Spoluprace-socialnich-farem-s-lokalnimi-trhy-v-ramci-kratkych-dodavatelskych-retezcu.pdf\">Soci\u00e1ln\u00ed zem\u011bd\u011blstv\u00ed- Spolupr\u00e1ce soci\u00e1ln\u00edch farem s lok\u00e1ln\u00edmi trhy v r\u00e1mci kr\u00e1tk\u00fdch dodavatelsk\u00fdch \u0159et\u011bzc\u016f<\/a><a href=\"https:\/\/www.konferencevenkov.cz\/2025\/wp-content\/uploads\/2025\/10\/Socialni-zemedelstvi-Spoluprace-socialnich-farem-s-lokalnimi-trhy-v-ramci-kratkych-dodavatelskych-retezcu.pdf\" class=\"wp-block-file__button wp-element-button\" download aria-describedby=\"wp-block-file--media-53d00523-bfca-43ef-84c8-b0e2b1732ce2\">St\u00e1hnout<\/a><\/div>\n\n\n\n<div class=\"wp-block-file\"><a id=\"wp-block-file--media-9ac3161e-7046-4cc5-8412-38773d0b8dac\" href=\"https:\/\/www.konferencevenkov.cz\/2025\/wp-content\/uploads\/2025\/10\/Mladi-zemedelci-v-SZP-2023-2027-a-novy-VFR-2028-2034-.pdf\">Mlad\u00ed zem\u011bd\u011blci v&nbsp;SZP 2023-2027 a nov\u00fd VFR 2028-2034<\/a><a href=\"https:\/\/www.konferencevenkov.cz\/2025\/wp-content\/uploads\/2025\/10\/Mladi-zemedelci-v-SZP-2023-2027-a-novy-VFR-2028-2034-.pdf\" class=\"wp-block-file__button wp-element-button\" download aria-describedby=\"wp-block-file--media-9ac3161e-7046-4cc5-8412-38773d0b8dac\">St\u00e1hnout<\/a><\/div>\n\n\n\n<div class=\"wp-block-file\"><a id=\"wp-block-file--media-753669f3-36e2-4062-94ed-bc6eceb36dbb\" href=\"https:\/\/www.konferencevenkov.cz\/2025\/wp-content\/uploads\/2025\/10\/Vliv-pudy-a-jejiho-stavu-na-vodni-rezim-krajiny-.pdf\">Vliv p\u016fdy a jej\u00edho stavu na vodn\u00ed re\u017eim krajiny<\/a><a href=\"https:\/\/www.konferencevenkov.cz\/2025\/wp-content\/uploads\/2025\/10\/Vliv-pudy-a-jejiho-stavu-na-vodni-rezim-krajiny-.pdf\" class=\"wp-block-file__button wp-element-button\" download aria-describedby=\"wp-block-file--media-753669f3-36e2-4062-94ed-bc6eceb36dbb\">St\u00e1hnout<\/a><\/div>\n\n\n\n<div class=\"wp-block-file\"><a id=\"wp-block-file--media-38150f96-3e32-4537-bc35-7f026c6d8534\" href=\"https:\/\/www.konferencevenkov.cz\/2025\/wp-content\/uploads\/2025\/10\/PS-Venkovska-mladez.pdf\">PS Venkovsk\u00e1 ml\u00e1de\u017e<\/a><a href=\"https:\/\/www.konferencevenkov.cz\/2025\/wp-content\/uploads\/2025\/10\/PS-Venkovska-mladez.pdf\" class=\"wp-block-file__button wp-element-button\" download aria-describedby=\"wp-block-file--media-38150f96-3e32-4537-bc35-7f026c6d8534\">St\u00e1hnout<\/a><\/div>\n\n\n\n<div class=\"wp-block-file\"><a id=\"wp-block-file--media-ee94c65c-99f4-489a-b135-e387a4f9fa8c\" href=\"https:\/\/www.konferencevenkov.cz\/2025\/wp-content\/uploads\/2025\/10\/\u201eJihoceske-projekty-na-podporu-producentu-regionalnich-potravin.pdf\">\u201eJiho\u010desk\u00e9 projekty na podporu producent\u016f region\u00e1ln\u00edch potravin\u201c<\/a><a href=\"https:\/\/www.konferencevenkov.cz\/2025\/wp-content\/uploads\/2025\/10\/\u201eJihoceske-projekty-na-podporu-producentu-regionalnich-potravin.pdf\" class=\"wp-block-file__button wp-element-button\" download aria-describedby=\"wp-block-file--media-ee94c65c-99f4-489a-b135-e387a4f9fa8c\">St\u00e1hnout<\/a><\/div>\n<\/div>\n\n\n\n<div id=\"wp-block-themeisle-blocks-advanced-column-82c66129\" class=\"wp-block-themeisle-blocks-advanced-column\">\n<h2 class=\"wp-block-heading\">22. 10.<\/h2>\n<\/div>\n<\/div><\/div>\n\n\n\n<hr class=\"wp-block-separator has-alpha-channel-opacity\"\/>\n","protected":false},"excerpt":{"rendered":"","protected":false},"author":1,"featured_media":0,"parent":0,"menu_order":0,"comment_status":"closed","ping_status":"closed","template":"","meta":{"neve_meta_sidebar":"","neve_meta_container":"","neve_meta_enable_content_width":"","neve_meta_content_width":0,"neve_meta_title_alignment":"","neve_meta_author_avatar":"","neve_post_elements_order":"","neve_meta_disable_header":"","neve_meta_disable_footer":"","neve_meta_disable_title":"","_themeisle_gutenberg_block_has_review":false,"footnotes":""},"class_list":["post-646","page","type-page","status-publish","hentry"],"_links":{"self":[{"href":"https:\/\/www.konferencevenkov.cz\/2025\/index.php?rest_route=\/wp\/v2\/pages\/646","targetHints":{"allow":["GET"]}}],"collection":[{"href":"https:\/\/www.konferencevenkov.cz\/2025\/index.php?rest_route=\/wp\/v2\/pages"}],"about":[{"href":"https:\/\/www.konferencevenkov.cz\/2025\/index.php?rest_route=\/wp\/v2\/types\/page"}],"author":[{"embeddable":true,"href":"https:\/\/www.konferencevenkov.cz\/2025\/index.php?rest_route=\/wp\/v2\/users\/1"}],"replies":[{"embeddable":true,"href":"https:\/\/www.konferencevenkov.cz\/2025\/index.php?rest_route=%2Fwp%2Fv2%2Fcomments&post=646"}],"version-history":[{"count":4,"href":"https:\/\/www.konferencevenkov.cz\/2025\/index.php?rest_route=\/wp\/v2\/pages\/646\/revisions"}],"predecessor-version":[{"id":669,"href":"https:\/\/www.konferencevenkov.cz\/2025\/index.php?rest_route=\/wp\/v2\/pages\/646\/revisions\/669"}],"wp:attachment":[{"href":"https:\/\/www.konferencevenkov.cz\/2025\/index.php?rest_route=%2Fwp%2Fv2%2Fmedia&parent=646"}],"curies":[{"name":"wp","href":"https:\/\/api.w.org\/{rel}","templated":true}]}}

<div id="wp-block-themeisle-blocks-advanced-columns-3cf6fd13" class="wp-block-themeisle-blocks-advanced-columns has-2-columns has-desktop-oneTwo-layout has-tablet-equal-layout has-mobile-collapsedRows-layout has-vertical-unset"><div class="wp-block-themeisle-blocks-advanced-columns-overlay"></div><div class="innerblocks-wrap">
<div id="wp-block-themeisle-blocks-advanced-column-27413074" class="wp-block-themeisle-blocks-advanced-column">
<h2 class="wp-block-heading">21. 10.</h2>
</div>



<div id="wp-block-themeisle-blocks-advanced-column-fd2136ba" class="wp-block-themeisle-blocks-advanced-column">
<div class="wp-block-file"><a id="wp-block-file--media-29c33d5e-035b-466d-8e84-e428c82f05b4" href="https://www.konferencevenkov.cz/2025/wp-content/uploads/2025/10/Aktuality-z-MMR-CR.pdf">Aktuality z MMR ČR</a><a href="https://www.konferencevenkov.cz/2025/wp-content/uploads/2025/10/Aktuality-z-MMR-CR.pdf" class="wp-block-file__button wp-element-button" download aria-describedby="wp-block-file--media-29c33d5e-035b-466d-8e84-e428c82f05b4">Stáhnout</a></div>



<div class="wp-block-file"><a id="wp-block-file--media-b691ccd1-ae47-4494-a703-58ba920f351c" href="https://www.konferencevenkov.cz/2025/wp-content/uploads/2025/10/Cestovni-ruch-v-jiznich-Cechach.pdf">Cestovní ruch v jižních Čechách</a><a href="https://www.konferencevenkov.cz/2025/wp-content/uploads/2025/10/Cestovni-ruch-v-jiznich-Cechach.pdf" class="wp-block-file__button wp-element-button" download aria-describedby="wp-block-file--media-b691ccd1-ae47-4494-a703-58ba920f351c">Stáhnout</a></div>
</div>
</div></div>



<hr class="wp-block-separator has-alpha-channel-opacity"/>



<div id="wp-block-themeisle-blocks-advanced-columns-274d6765" class="wp-block-themeisle-blocks-advanced-columns has-2-columns has-desktop-twoOne-layout has-tablet-equal-layout has-mobile-collapsedRows-layout has-vertical-unset"><div class="wp-block-themeisle-blocks-advanced-columns-overlay"></div><div class="innerblocks-wrap">
<div id="wp-block-themeisle-blocks-advanced-column-3f62210f" class="wp-block-themeisle-blocks-advanced-column">
<div class="wp-block-file"><a id="wp-block-file--media-37b8c87f-28d8-436e-95fc-6f0c85037341" href="https://www.konferencevenkov.cz/2025/wp-content/uploads/2025/11/prezentace_konference-Venkov2025.pdf">Strategický plán SZP 2023–2027</a><a href="https://www.konferencevenkov.cz/2025/wp-content/uploads/2025/11/prezentace_konference-Venkov2025.pdf" class="wp-block-file__button wp-element-button" download aria-describedby="wp-block-file--media-37b8c87f-28d8-436e-95fc-6f0c85037341">Stáhnout</a></div>



<div class="wp-block-file"><a id="wp-block-file--media-53d00523-bfca-43ef-84c8-b0e2b1732ce2" href="https://www.konferencevenkov.cz/2025/wp-content/uploads/2025/10/Socialni-zemedelstvi-Spoluprace-socialnich-farem-s-lokalnimi-trhy-v-ramci-kratkych-dodavatelskych-retezcu.pdf">Sociální zemědělství- Spolupráce sociálních farem s lokálními trhy v rámci krátkých dodavatelských řetězců</a><a href="https://www.konferencevenkov.cz/2025/wp-content/uploads/2025/10/Socialni-zemedelstvi-Spoluprace-socialnich-farem-s-lokalnimi-trhy-v-ramci-kratkych-dodavatelskych-retezcu.pdf" class="wp-block-file__button wp-element-button" download aria-describedby="wp-block-file--media-53d00523-bfca-43ef-84c8-b0e2b1732ce2">Stáhnout</a></div>



<div class="wp-block-file"><a id="wp-block-file--media-9ac3161e-7046-4cc5-8412-38773d0b8dac" href="https://www.konferencevenkov.cz/2025/wp-content/uploads/2025/10/Mladi-zemedelci-v-SZP-2023-2027-a-novy-VFR-2028-2034-.pdf">Mladí zemědělci v&nbsp;SZP 2023-2027 a nový VFR 2028-2034</a><a href="https://www.konferencevenkov.cz/2025/wp-content/uploads/2025/10/Mladi-zemedelci-v-SZP-2023-2027-a-novy-VFR-2028-2034-.pdf" class="wp-block-file__button wp-element-button" download aria-describedby="wp-block-file--media-9ac3161e-7046-4cc5-8412-38773d0b8dac">Stáhnout</a></div>



<div class="wp-block-file"><a id="wp-block-file--media-753669f3-36e2-4062-94ed-bc6eceb36dbb" href="https://www.konferencevenkov.cz/2025/wp-content/uploads/2025/10/Vliv-pudy-a-jejiho-stavu-na-vodni-rezim-krajiny-.pdf">Vliv půdy a jejího stavu na vodní režim krajiny</a><a href="https://www.konferencevenkov.cz/2025/wp-content/uploads/2025/10/Vliv-pudy-a-jejiho-stavu-na-vodni-rezim-krajiny-.pdf" class="wp-block-file__button wp-element-button" download aria-describedby="wp-block-file--media-753669f3-36e2-4062-94ed-bc6eceb36dbb">Stáhnout</a></div>



<div class="wp-block-file"><a id="wp-block-file--media-38150f96-3e32-4537-bc35-7f026c6d8534" href="https://www.konferencevenkov.cz/2025/wp-content/uploads/2025/10/PS-Venkovska-mladez.pdf">PS Venkovská mládež</a><a href="https://www.konferencevenkov.cz/2025/wp-content/uploads/2025/10/PS-Venkovska-mladez.pdf" class="wp-block-file__button wp-element-button" download aria-describedby="wp-block-file--media-38150f96-3e32-4537-bc35-7f026c6d8534">Stáhnout</a></div>



<div class="wp-block-file"><a id="wp-block-file--media-ee94c65c-99f4-489a-b135-e387a4f9fa8c" href="https://www.konferencevenkov.cz/2025/wp-content/uploads/2025/10/„Jihoceske-projekty-na-podporu-producentu-regionalnich-potravin.pdf">„Jihočeské projekty na podporu producentů regionálních potravin“</a><a href="https://www.konferencevenkov.cz/2025/wp-content/uploads/2025/10/„Jihoceske-projekty-na-podporu-producentu-regionalnich-potravin.pdf" class="wp-block-file__button wp-element-button" download aria-describedby="wp-block-file--media-ee94c65c-99f4-489a-b135-e387a4f9fa8c">Stáhnout</a></div>
</div>



<div id="wp-block-themeisle-blocks-advanced-column-82c66129" class="wp-block-themeisle-blocks-advanced-column">
<h2 class="wp-block-heading">22. 10.</h2>
</div>
</div></div>



<hr class="wp-block-separator has-alpha-channel-opacity"/>
